
Suppose -2*d + 1 = o, -2*d - 8*o + 3*o - 11 = 0. Calculate the highest common factor of d and 1.
1
Let u be (-4)/10 - (-147)/5. Calculate the greatest common factor of u and 58.
29
Let n be 14 - (0 + -1 + 0). Let h = 133 + -123. What is the greatest common factor of n and h?
5
Let k(u) = -5*u**2 + 4*u**2 + 3 + 3*u - 5. Let h be k(2). Suppose -46 = -4*v + 2*x + x, 3*v + 4*x - 47 = h. What is the greatest common factor of 143 and v?
13
Let k(o) = 4*o**2 + o + 2. Let v be k(-2). What is the greatest common factor of v and 112?
16
Suppose 4*n - 64 = -n - 4*g, 2*g = 4*n - 46. What is the greatest common factor of n and 108?
12
Let o = -46 + 52. Suppose -53 = -2*w - 2*g + 7*g, 0 = -5*w + 2*g + 122. Calculate the highest common divisor of o and w.
6
Let j(c) = 3*c**2 + 6*c - 1. Let x = 12 - 17. Let y be j(x). Let v = y + -26. What is the greatest common factor of 18 and v?
18
Let z = -79 - -115. Calculate the highest common divisor of z and 54.
18
Let q(h) = 71*h - 54. Let r be q(5). Calculate the greatest common factor of 43 and r.
43
Let m be (14/(-42))/(-1*(-1)/(-3)). What is the greatest common factor of 8 and m?
1
Let k be (-399)/(-8) + 10/80. What is the highest common divisor of 20 and k?
10
Let d(p) = 0*p + 5*p - 2*p + 4. Let r be d(4). Let g(f) = 4*f - 4. Let x be g(5). Calculate the highest common divisor of x and r.
16
Suppose 3*g - 4*a + a = 0, 0 = -4*g - a + 5. Let s = 12 - g. Let u = -80 - -201. What is the highest common factor of u and s?
11
Suppose -45 = b - 57. Calculate the highest common factor of b and 108.
12
Let t be 3/((-3)/(-15) - 0). Let n = t - 21. Let o be (-15)/n*12/10. What is the greatest common factor of o and 12?
3
Let q(a) = 2*a + 13. Let u be q(-8). Let j be (u/4)/((-14)/224). Calculate the greatest common divisor of 30 and j.
6
Let q = 17 + -16. What is the greatest common divisor of q and 5?
1
Suppose 0 = 6*u - 121 - 11. Calculate the highest common factor of 88 and u.
22
Let k(p) = -p + 2. Let w be k(-1). Let s(x) = 2*x**2 + 4*x - 2. Let t be s(w). What is the greatest common divisor of 7 and t?
7
Let b(u) = 16*u**2 - 1. Let k = 1 - -1. Let s be b(k). Calculate the greatest common divisor of 7 and s.
7
Let z(g) = 22*g. Let h(u) be the first derivative of u**2/2 + 7*u + 4. Let c be h(-5). Let q be z(c). Calculate the highest common divisor of q and 4.
4
Let d be 96 + 2 + (-1 - -5). Let n = 157 - d. What is the greatest common factor of 22 and n?
11
Let i(g) = g**3 + 4*g**2 - 5*g + 2. Let y be i(-5). Let o be y - (-17 + (-3)/(-3)). What is the highest common factor of o and 72?
18
Let g be -1 - -3 - 1*24. Let y be 1/3 + g/(-6). Let t(m) = -m**3 - 7*m**2 - 2*m - 8. Let r be t(-7). What is the greatest common factor of r and y?
2
Let j(p) = -p - 2. Let b be 1/(15/(-12) + 1). Let u be j(b). Let q be ((u + -1)*1)/1. What is the greatest common factor of q and 8?
1
Suppose 6*a - a = -4*b + 184, -b + 36 = a. Calculate the highest common factor of a and 100.
20
Let r = -52 + 96. What is the greatest common divisor of 352 and r?
44
Suppose -9*n + 8*n + 3 = 0. Let l(w) be the first derivative of w**3/3 - w**2/2 + w - 2. Let q be l(2). Calculate the highest common divisor of n and q.
3
Let q(j) = 4*j**2 - j. Let l be q(1). Let v(h) = -3 + 63 + 4*h**2 - l*h**2. Let c be v(0). What is the highest common factor of 15 and c?
15
Suppose -320*z + 140 = -313*z. Let j be (8/1)/(0 - -1). What is the greatest common divisor of z and j?
4
Suppose 0 = -5*v + 15, 3*c + 4*v + 1 = 10. Let k be (c - -3)/(2/5). What is the greatest common divisor of k and 25?
5
Let o = 1 - -9. Calculate the highest common divisor of 5 and o.
5
Let b be 1 + 3 - (-12)/(-6). What is the highest common factor of b and 6?
2
Let y = 961 + -111. Suppose 5*z - 305 - y = 0. What is the highest common factor of 21 and z?
21
Suppose 48 = 3*u - 33. Calculate the greatest common factor of u and 243.
27
Let p(x) = -36*x**3 + x**2 + 4*x + 2. Let h be p(-1). Calculate the greatest common divisor of h and 5.
5
Let y be 1 + 2 - 165/(-3). Suppose d - 4*d + l = -80, -y = -2*d - 4*l. Let c = -12 + 21. What is the greatest common divisor of c and d?
9
Let h be (1 - (-2)/(-4))/((-2)/(-24)). Let w = 109 + -61. Suppose -2*a - w = -h*a. What is the highest common factor of a and 24?
12
Let x(f) = -10*f. Let b be x(-1). Suppose s + 10 = 2*l, -5*s - 41 = 2*l - 3*l. Let c = b + s. What is the highest common factor of 22 and c?
2
Let j = -6 - -17. Suppose d = 9 + j. Let t be ((-2)/5)/((-1)/d). Calculate the highest common factor of t and 4.
4
Let z = 14 - -6. Let w = -20 - -60. What is the greatest common factor of z and w?
20
Let q be (-5)/(-35) + (-54)/(-14). What is the highest common factor of q and 36?
4
Let g(n) = -n - 8. Let a be g(-6). Let p = 3 + a. Calculate the greatest common factor of p and 1.
1
Let b = 17 - 8. Suppose -1 = -i, -2*y - i + 30 = 3*i. Let w = b + y. Calculate the greatest common factor of 176 and w.
22
Let z = -5 - -85. Calculate the greatest common factor of 32 and z.
16
Let t be (-15)/2*((-336)/35 + 4). Calculate the highest common divisor of 21 and t.
21
Let z(j) = 6*j**2 - 1. Let g be z(-1). What is the highest common factor of g and 35?
5
Let w(u) = -u - 2. Let q be w(-6). Suppose s - q*s = -12. Let h(r) = -2*r**3 - 4*r**2 + 5*r. Let j be h(-4). What is the greatest common factor of j and s?
4
Let y = -26 - 44. Let i = 51 - y. What is the greatest common divisor of i and 11?
11
Let j = 43 + -28. What is the greatest common divisor of 135 and j?
15
Let c = -18 + -22. Let w = c + 161. Calculate the greatest common factor of 11 and w.
11
Suppose -2*m - 5*r + 41 = 0, 14 + 107 = 4*m - 3*r. Calculate the greatest common divisor of 7 and m.
7
Let g = 2 - 0. Let d(o) = 2 + 118*o**g - 2 - 1. Let x be d(1). Calculate the highest common divisor of 13 and x.
13
Let z = 2 - 5. Let v = z - -6. Let p be -5*(4 - v)*-1. Calculate the greatest common factor of p and 45.
5
Let s = -6 - -10. Suppose 5*n - 9 = -2*j - 75, -j = -s*n - 45. Let h = n + 25. Calculate the highest common factor of 91 and h.
13
Let p = -88 + 58. Let m be ((-216)/p)/((-2)/(-15)). Calculate the highest common divisor of m and 6.
6
Let j be ((-114)/9)/(4/(-6)). Let i(x) = -3*x**2 - 4*x - 3. Let n be i(-2). Let o(y) = -8*y + 1. Let b be o(n). What is the highest common divisor of b and j?
19
Suppose -2 = -2*s + 46. Calculate the highest common factor of s and 192.
24
Let c be ((-27)/(-2))/(6/12). Let l = -2 - -5. What is the highest common factor of l and c?
3
Suppose 1 = -2*r - 2*w - 7, 0 = -3*r - 2*w - 8. Suppose 0 = 3*f + 5*j - 220, f + r*j + j = 76. What is the greatest common divisor of 10 and f?
10
Let w = -20 + 36. Let c = -12 - -116. Let i = -56 + c. Calculate the greatest common factor of w and i.
16
Let k = -28 - -50. What is the highest common divisor of k and 2?
2
Suppose 3*w + t + 1056 = -0*t, -4*w - 1416 = 4*t. Let r = -618 - w. Let a be 1 + -2*r/6. What is the greatest common factor of 10 and a?
10
Suppose 5*t + p - 27 = 0, p + 24 = 4*t + 3*p. Calculate the greatest common factor of t and 1.
1
Let c(h) = -2*h**3 - h**2 - h + 2. Let z be c(-2). What is the greatest common factor of 40 and z?
8
Let m(l) = -l + 3. Let p be m(7). Let g be p/(-8) + (-474)/(-4). Let a(i) = -17*i**3 - i**2 + 1. Let k be a(-1). What is the highest common factor of k and g?
17
Let g be (6 - 3)*4/3. Let p be 2*g/((-8)/(-5)). Calculate the highest common factor of 5 and p.
5
Let t(m) = -m**2 + m + 1. Let c be t(1). Calculate the greatest common factor of 1 and c.
1
Let i be (1/2 - 0)*(-216)/(-2). What is the greatest common factor of 6 and i?
6
Let r(h) = -h + 8. Let t be r(-7). Let x = 108 - 63. Calculate the greatest common divisor of x and t.
15
Let x = -65 - -72. What is the highest common factor of 28 and x?
7
Suppose 13 = -2*u + 67. Calculate the greatest common factor of 135 and u.
27
Let l = 317 + -141. What is the highest common divisor of l and 16?
16
Suppose c + 0*c = 129. Let q be 1/(-2) - c/(-2). Let d(y) = -y**2 + 2*y + 16. Let h be d(0). Calculate the highest common divisor of h and q.
16
Suppose -5*b + 536 = 3*y, -y + 3*b = -b - 207. Calculate the highest common factor of y and 11.
11
Let m(t) = 3*t - 1. Let y be m(1). Suppose f - 8 = y. Let h = 142 - 72. Calculate the highest common divisor of h